3728104.
2, 7, 31, 25189
List the prime factors of 77001436.
2, 19250359
What are the prime factors of 6178992?
2, 3, 109, 1181
What are the prime factors of 203812410?
2, 3, 5, 811, 8377
What are the prime factors of 379341886?
2, 7, 11, 193, 12763
List the prime factors of 50431480.
2, 5, 11, 114617
What are the prime factors of 2108487822?
2, 3, 7, 50202091
List the prime factors of 650928901.
7, 37, 727, 3457
List the prime factors of 17099677.
7, 19, 18367
List the prime factors of 154455533.
154455533
List the prime factors of 224242504.
2, 347, 80779
What are the prime factors of 251503033?
151, 1665583
List the prime factors of 43825346.
2, 21912673
What are the prime factors of 24001016?
2, 13, 230779
What are the prime factors of 365165373?
3, 167, 728873
List the prime factors of 1518713236.
2, 379678309
What are the prime factors of 4445498855?
5, 7, 127014253
List the prime factors of 94045240.
2, 5, 1489, 1579
List the prime factors of 403529680.
2, 5, 17, 296713
What are the prime factors of 5106239756?
2, 13397, 95287
List the prime factors of 100301786.
2, 13, 3857761
List the prime factors of 16476747.
3, 7, 661, 1187
List the prime factors of 1462761908.
2, 31, 11796467
List the prime factors of 239175219.
3, 2549, 31277
What are the prime factors of 227991187?
227991187
What are the prime factors of 94505779?
41, 569, 4051
List the prime factors of 104103456.
2, 3, 31, 34981
What are the prime factors of 95589744?
2, 3, 139, 14327
List the prime factors of 126803881.
107, 271, 4373
List the prime factors of 2238083708.
2, 7, 79931561
What are the prime factors of 14964849?
3, 1662761
What are the prime factors of 575950288?
2, 37, 41, 61, 389
What are the prime factors of 5519178?
2, 3, 7, 31, 157
What are the prime factors of 1276159589?
61, 20920649
List the prime factors of 5240665570.
2, 5, 7, 37, 139, 14557
List the prime factors of 757141490.
2, 5, 7, 811, 13337
List the prime factors of 172014078.
2, 3, 47, 609979
What are the prime factors of 1508042820?
2, 3, 5, 1973, 12739
What are the prime factors of 416170114?
2, 208085057
What are the prime factors of 389687126?
2, 194843563
What are the prime factors of 1091837321?
1091837321
List the prime factors of 22134558.
2, 3, 31, 59, 2017
List the prime factors of 4718915025.
3, 5, 11, 5719897
List the prime factors of 7433148512.
2, 47, 59, 211, 397
What are the prime factors of 2583061794?
2, 3, 31, 1061, 4363
What are the prime factors of 1066802749?
1627, 655687
List the prime factors of 24015511.
13, 1847347
What are the prime factors of 14734765?
5, 31, 95063
List the prime factors of 182778461.
19, 1979, 4861
What are the prime factors of 3635943859?
521, 6978779
List the prime factors of 76441739.
11, 263, 26423
List the prime factors of 5991982501.
37, 173, 317, 2953
List the prime factors of 7359001689.
3, 13, 379, 497869
List the prime factors of 2645703239.
113, 317, 73859
List the prime factors of 46840279.
46840279
List the prime factors of 4325412500.
2, 5, 293, 1181
List the prime factors of 468250986.
2, 3, 7, 263, 42391
List the prime factors of 4814078.
2, 929, 2591
What are the prime factors of 2486725760?
2, 5, 31, 125339
List the prime factors of 444160260.
2, 3, 5, 59, 1549
What are the prime factors of 1631531186?
2, 14969, 54497
What are the prime factors of 46350667?
11, 61, 67, 1031
What are the prime factors of 63440689?
13, 599, 8147
List the prime factors of 26313081.
3, 19, 23, 20071
List the prime factors of 296449123.
296449123
What are the prime factors of 1103908191?
3, 3847, 95651
What are the prime factors of 2990956950?
2, 3, 5, 53, 125407
List the prime factors of 295302828.
2, 3, 41, 229, 2621
What are the prime factors of 340422060?
2, 3, 5, 11, 79, 6529
List the prime factors of 8173034.
2, 59, 69263
List the prime factors of 1934295847.
11, 1087, 161771
What are the prime factors of 3966491428?
2, 991622857
What are the prime factors of 170068890?
2, 3, 5, 5668963
List the prime factors of 98589865.
5, 11, 1792543
List the prime factors of 6705584592.
2, 3, 7, 37, 53, 10177
List the prime factors of 119306200.
2, 5, 13, 45887
What are the prime factors of 2061376031?
11, 13, 31, 465007
List the prime factors of 4888081293.
3, 463, 3519137
What are the prime factors of 2014235572?
2, 47, 10714019
List the prime factors of 1154442471.
3, 7, 13, 4228727
What are the prime factors of 74251175?
5, 2970047
List the prime factors of 57389674.
2, 659, 43543
What are the prime factors of 289145627?
23, 73, 172213
List the prime factors of 57353166.
2, 3, 13, 83, 2953
What are the prime factors of 2257377673?
1433, 1575281
List the prime factors of 89212505.
5, 19, 269, 3491
What are the prime factors of 38396775?
3, 5, 23, 22259
List the prime factors of 80851707.
3, 19, 472817
List the prime factors of 2817332112.
2, 3, 7, 131, 64007
List the prime factors of 4568469184.
2, 47, 1518773
List the prime factors of 918324845.
5, 383, 479543
What are the prime factors of 242233481?
7, 3923, 8821
List the prime factors of 2354124540.
2, 3, 5, 1327, 29567
List the prime factors of 201613198.
2, 6197, 16267
List the prime factors of 1350579200.
2, 5, 52757
List the prime factors of 488298712.
2, 11, 43, 3001
List the prime factors of 54526388.
2, 7, 1947371
List the prime factors of 1464241622.
2, 761, 962051
What are the prime factors of 758540282?
2, 379270141
What are the prime factors of 12666965?
5, 2533393
List the prime factors of 146241272.
2, 18280159
List the prime factors of 135037978.
2, 19, 29, 283, 433
List the prime factors of 184911487.
59, 3134093
What are the prime factors of 138359916?
2, 3, 47, 81773
List the prime factors of 195054218.
2, 97527109
List the prime factors of 3340378475.
5, 7, 521, 36637
List the prime factors of 47506073.
53, 896341
What are the prime factors of 559782077?
607, 922211
What are the prime factors of 105849333?
3, 29, 405553
List the prime factors of 250776150.
2, 3, 5, 1223, 1367
What are the prime factors of 195644189?
13, 563, 26731
What are the prime factors of 113175424?
2, 884183
List the prime factors of 1412119161.
3, 17, 31, 297727
List the prime factors of 4036409.
13, 41, 7573
List the prime factors of 1755217199.
29, 71, 269, 3169
List the prime factors of 659967874.
2, 683, 483139
List the prime factors of 132548396.
2, 491, 67489
What are the prime factors of 968461637?
11, 13, 6772459
List the prime factors of 21907732.
2, 7, 11, 71129
What are the prime factors of 1587479886?
2, 3, 1871, 47137
What are the prime factors of 84900199?
23, 3691313
What are the prime factors of 360425968?
2, 7, 379, 1213
List the prime factors of 358179875.
5, 2865439
What are the prime factors of 12469751?
7, 1781393
What are the prime factors of 75772914?
2, 3, 7, 257731
What are the prime factors of 109334447?
223, 229, 2141
What are the prime factors of 6663459098?
2, 149, 239, 93559
What are the prime factors of 491005290?
2, 3, 5, 1297, 12619
What are the prime factors of 130491092?
2, 32622773
List the prime factors of 669752944.
2, 7, 17, 53, 6637
List the prime factors of 1005216616.
2, 443, 283639
What are the prime factors of 48719700?
2, 3, 5, 54133
What are the prime factors of 435077699?
7, 67, 927671
List the prime factors of 4530028371.
3, 11, 43, 290219
List the prime factors of 678201314.
2, 7, 19, 134191
What are the prime factors of 13335585?
3, 5, 889039
What are the prime factors of 1630354538?
2, 29, 28109561
What are the prime factors of 136914054?
2, 3, 22819009
What are the prime factors of 53677304?
2, 6709663
What are the prime factors of 395645323?
395645323
List the prime factors of 132254128.
2, 1327, 6229
List the prime factors of 645825835.
5, 17, 7597951
List the prime factors of 138195370.
2, 5, 37, 373501
What are the prime factors of 155077635?
3, 5, 10338509
List the prime factors of 675800658.
2, 3, 13, 107, 2999
List the prime factors of 11163426.
2, 3, 1860571
List the prime factors of 32966918.
2, 1753, 9403
What are the prime factors of 10688366?
2, 13, 31, 89, 149
List the prime factors of 7844930728.
2, 103, 9520547
List the prime factors of 287341781.
43, 61, 109547
What are the prime factors of 339846056?
2, 11, 31, 124577
What are the prime fact